= 16 - v. What is the greatest common divisor of o and 5?
5
Let r be ((-4)/10)/(3/(-30)). Let d(a) = a**3 - 4*a**2 + a - 1. Let h be d(r). Calculate the highest common factor of h and 9.
3
Let o(g) = g**3 - 9*g**2 - 8*g - 11. Let p be o(10). Suppose 2*h - c = c + 66, 3*h + 5*c = 123. What is the greatest common factor of p and h?
9
Suppose 3*q = 7*q + 5*m - 597, 0 = 3*q + 5*m - 454. Let n = -78 + q. Calculate the greatest common factor of 26 and n.
13
Suppose -2 = 3*y - 8. Let j be y/(2/(-1)) - -1. Suppose 3*n - o - 94 = j, 2*n - 3*o - 63 = -12. Calculate the greatest common factor of n and 11.
11
Let i = -139 + 163. Calculate the greatest common factor of 36 and i.
12
Let i = -32 + 39. Suppose 5*w - u = 359, -5*w + 74 = u - 277. Suppose 2*n = 3*j + w, 32 + 123 = 5*n - 3*j. Calculate the greatest common factor of i and n.
7
Let d = -29 - -107. Calculate the greatest common factor of d and 26.
26
Suppose -n + 4 = n. What is the highest common factor of 2 and n?
2
Let l(m) = -10*m**3 - 4*m**2 - 2*m. Let n be l(-3). Suppose g - 3*g = -n. Calculate the highest common divisor of g and 15.
15
Suppose -108 - 60 = -3*j. Calculate the highest common divisor of j and 7.
7
Let x = 12 - 7. Let i be 3/((-30)/(-8) - 3). Suppose -4*l - 49 = -x*y, -3*y = i*l - 36 - 19. What is the highest common factor of 65 and y?
13
Suppose 7*j - l = 2*j + 34, 0 = -3*l + 3. Suppose 5*c - 3*i - 125 = i, 0 = 4*i + 20. What is the greatest common divisor of c and j?
7
Let g be (-5 - 4)*25*-1. What is the greatest common divisor of 25 and g?
25
Let o(b) = b**3 + 2*b**2 - 4*b. Let s be o(-3). What is the highest common divisor of s and 6?
3
Let h be (-4 + -6)/((-2)/4). Calculate the highest common factor of h and 4.
4
Let l(m) = -m**3 + m**2 - 2*m**2 - 2*m**2 - 8 + 7*m - m**2. Let k be l(-6). What is the highest common factor of 154 and k?
22
Suppose -256 = -g - 7*g. What is the highest common divisor of 80 and g?
16
Let x be (70/15)/(4/6). Suppose 3*l - x*l = 2*d - 148, -3*l + 114 = 3*d. Calculate the greatest common divisor of 54 and l.
18
Let p be (-30)/4*(-4)/3. What is the greatest common divisor of p and 4?
2
Let l be (2*33)/2 + -4. Calculate the greatest common divisor of 29 and l.
29
Let t be 1*(-5)/15 - (-58)/3. Calculate the highest common factor of 76 and t.
19
Suppose 4*u + 8 = 0, -50 = -4*i + 5*u - 8. Calculate the greatest common factor of i and 80.
8
Suppose x - 2*s = -5, 0 = -2*x + 2*s - 6*s + 6. Let o be (x - (1 - 6))/(-1). Let q be (-1 - 0)*o + 2. What is the highest common divisor of 2 and q?
2
Suppose 3*u + 2 = u. Let q(s) = -9*s**3 + s + 1. Let f be q(u). Calculate the greatest common factor of 1 and f.
1
Let p be 354/7 - (-15)/35. What is the greatest common divisor of 34 and p?
17
Let i(n) = -n**2 + 9. Let j be i(0). Calculate the highest common factor of 45 and j.
9
Let v = -149 - -161. What is the highest common divisor of 54 and v?
6
Let c(o) = o**3 - 7*o**2 + 6*o - 2. Let v be c(6). Let m be v/11 + 450/55. Suppose 3*z + 5 = m. What is the highest common divisor of 8 and z?
1
Suppose -2*s = 4 - 0. Let d be (-3)/(-6) - 14/4. Let w be s/((d/(-28))/(-3)). What is the greatest common divisor of 8 and w?
8
Suppose 4*s + 6 = -10, 4*s = 5*w - 76. Let d(v) = -v. Let o be d(-8). What is the greatest common factor of o and w?
4
Let r = 20 - 20. Let p(a) = 4*a + a**2 + 7 + 11 - 3*a. Let y be p(r). What is the greatest common divisor of y and 9?
9
Let g = -243 - -88. Let y be (-2)/4 + g/(-10). What is the highest common factor of y and 135?
15
Let y(f) = f**3 - 8*f**2 - 8*f + 5. Let a be y(9). Suppose 2*z = 3*z - a. Calculate the highest common divisor of z and 70.
14
Suppose -2*s - 35 = 5*w - 6*s, -2*s = 3*w - 1. Let u = w - -5. Let f be 30/4*(-8)/(-6). Calculate the greatest common factor of u and f.
2
Suppose -r + 3*r + 4*m = 464, -3*m - 1199 = -5*r. What is the highest common factor of 34 and r?
34
Let f = -116 + 124. What is the greatest common factor of 16 and f?
8
Let b = 18 - 12. Let q = -11 + 8. Let c = q + b. Calculate the highest common factor of c and 3.
3
Let n(s) = -s - 10*s + 0*s - s**3 + 2*s + 11*s**2. Suppose 4*u + u = 25, -3*z - 4*u = -50. Let i be n(z). What is the highest common factor of i and 40?
10
Let o be (4/3)/(2/12). Let c be 1*o - (3 - 1). Suppose 0 = 5*f - 142 - 128. Calculate the greatest common factor of f and c.
6
Let x be (-36)/(-90) + (-523)/(-5). Let q be (1 + 0 - 2) + 83. Suppose -3*c = -j + 27, 3*c - q = -4*j + 2*c. Calculate the greatest common divisor of j and x.
21
Suppose 5*g + i = -58, 4*g + 30 + 16 = -i. Let l(s) = s**2 + 6*s + 16. Let h be l(g). Calculate the greatest common factor of h and 11.
11
Let t(k) = -k**2 + 7*k + 6. Let d be (3 + -5)*(-10)/4. Let x be t(d). What is the greatest common factor of 16 and x?
16
Suppose -12 = -4*x + 5*y, -5*x + 7*x + 2*y = 24. Calculate the highest common factor of x and 2.
2
Let x = -29 - -53. Let c(a) = a**3 + 3*a**2 - 6*a - 5. Suppose -4*g = -3*m - m - 20, 3*g = 3. Let j be c(m). Calculate the greatest common factor of x and j.
3
Let q = 11 - 17. Let j(s) = -s + 2. Let g be j(q). What is the greatest common divisor of 1 and g?
1
Let u(c) = -1 - 1 + 5*c - c**2 + 0. Let l be u(2). Suppose x = -4*p + 63, 4*p + p + l*x = 76. Calculate the greatest common factor of p and 2.
2
Let d = -11 + 37. What is the greatest common factor of d and 26?
26
Suppose -f + 0*f = 36. Let x = f - -102. What is the highest common factor of x and 6?
6
Suppose -5*p = -2*q + 32, -2*q + 28 = -4*p - 0. Let j = 14 + -24. Let o be ((-18)/30)/(2/j). Calculate the highest common divisor of q and o.
3
Suppose 3*h + 339 = 5*j - 128, 0 = 4*h + 16. Let p be 2/(-11) - -87*(-10)/(-66). Calculate the greatest common divisor of p and j.
13
Let a be (3/5)/(((-24)/(-4))/270). What is the highest common divisor of a and 297?
27
Let b be (-32)/(-8)*(-3)/3*-1. What is the greatest common divisor of 1 and b?
1
Let a be 1/(1/(-1 + 3)). Suppose 2*t = -a*t + 12. Calculate the greatest common factor of t and 27.
3
Suppose -l - 3*l = -p - 10, 0 = -l - 1. Let s = 11 - p. What is the greatest common factor of s and 5?
5
Suppose -30 = -2*t + 5*o, 0*t + 7 = 3*t + 2*o. Suppose a = t*a - 88. Calculate the greatest common divisor of a and 242.
22
Let t(q) be the third derivative of q**6/120 - q**5/30 - q**4/24 - q**3/2 - q**2. Let w be t(3). Calculate the greatest common divisor of w and 1.
1
Suppose -5 + 45 = -2*o. Let b be 32/5 - 12/o. What is the highest common factor of 1 and b?
1
Suppose -4*j + 59 = 7. Suppose 5*w = -176 + 21. Let q = 70 + w. Calculate the greatest common factor of j and q.
13
Suppose 1 = -g - 3*t - 6, t - 35 = -5*g. Calculate the highest common divisor of g and 8.
8
Let k(o) = o**3 + 5*o**2 - 7*o - 27. Let r be k(-5). What is the highest common factor of r and 32?
8
Suppose -4*p + 18 = -3*p. Let z be -15*(-54)/15*3/9. Calculate the highest common factor of z and p.
18
Let h = 7 - -2. Calculate the greatest common divisor of h and 9.
9
Suppose -4*k + 94 = -446. Suppose 4*z - k = -3*b, 0 = 2*b - 3 + 1. Calculate the greatest common divisor of 3 and z.
3
Let g(w) = -w**2 - 14*w + 8. Let m be g(-8). What is the highest common factor of m and 56?
56
Suppose 0 = w - 2*w + 4*k + 132, 3*w = 2*k + 346. Calculate the greatest common divisor of 14 and w.
14
Suppose -7*v + 1494 = 360. Calculate the highest common factor of 18 and v.
18
Let k be 10*(2 - (-6)/(-4)). Calculate the greatest common factor of 2 and k.
1
Let c = 15 + -15. Suppose 0*d + 2*d - 40 = c. Calculate the highest common factor of 40 and d.
20
Suppose 0 = 2*k - 6*k + 288. Suppose -63 = -q + k. What is the highest common divisor of 15 and q?
15
Suppose 0 = 3*r + 4*a - 20 - 7, -2*r + 22 = 4*a. Suppose -4*g - v = -161, -r*g + 255 = -4*v + 80. What is the highest common divisor of 13 and g?
13
Let g be 1*1*4*4. Let a = 4 - 0. Calculate the highest common divisor of a and g.
4
Let h = 2 + -1. Let p be ((-7)/4)/(5/(-20)). Calculate the highest common divisor of p and h.
1
Let i = 82 - 52. Suppose 2*d = 6*c - 5*c + 92, -4*d = -c - 182. Calculate the greatest common factor of d and i.
15
Let i be (-23 - -27)/((-2 - -2) + 1). Let n = 14 + -6. Calculate the highest common factor of n and i.
4
Suppose 3*a - 29 = -4*n - 2*a, -4*a + 34 = 5*n. What is the highest common d